(6/(-423)*-1)?
2, 47
List the prime factors of 0 - -2 - (-2 + -4 - 0).
2
Let p = 20 - 16. Suppose -2*c + 2 = -4*r - 0, -r - p = -c. What are the prime factors of c?
7
Suppose -6 + 0 = -3*o. Let x(r) = -12*r**2 - r + 2. Let g be x(o). What are the prime factors of g/(-26) + 12/78?
2
Suppose -5*x + 2*r = r - 509, 3*x = -2*r + 308. List the prime factors of x.
2, 3, 17
What are the prime factors of (58/(-3))/(2/(-3))?
29
Suppose 5*z + 0 = -5. Let v = 5 - z. What are the prime factors of v?
2, 3
Let g(f) be the third derivative of -3*f**4/8 - f**3/6 - f**2. List the prime factors of g(-2).
17
Suppose h - 2*j = 3*h + 10, 5*h = -2*j - 10. Suppose h*i - 3*i + 6 = 0. Suppose -i*w - 12 = -6*w. What are the prime factors of w?
3
Suppose -d - 4*x = -2*x - 15, 5*d - 57 = -4*x. Suppose -4*h + 21 - d = 0. What are the prime factors of 12 - (h + -4 - -1)?
2, 3
Suppose -2*v = 5*y + 177 - 68, -4*v = -12. Let t = -13 - y. What are the prime factors of t?
2, 5
Suppose 6*s - 3*s - 222 = 0. Let w = s + -41. What are the prime factors of w?
3, 11
Suppose 2*s - 2 = s. What are the prime factors of s?
2
Let g be (-8)/(-6)*3/(-2). Suppose -3*d + 0*d = 4*x - 17, 0 = -2*x - d + 11. Let z = g + x. What are the prime factors of z?
2, 3
Let a(c) = 7*c**2 + c - 1. Let q be a(1). Suppose 0 = -5*w + q + 38. Suppose 3*f - w = l, l + 4 - 1 = f. List the prime factors of f.
3
Let q(m) = m**2 - 6*m - 3. Let u be q(4). Let t(z) = z**2 + 11*z + 11. What are the prime factors of t(u)?
11
Suppose -5*i - 146 = -4*b, 125 = b + 2*b + 4*i. What are the prime factors of b?
3, 13
Suppose -64 = 2*l - 6*l. List the prime factors of l.
2
Suppose -18 = -c - 2. Suppose 3*l + 1 = c. List the prime factors of l.
5
Suppose 2*c + 31 = 5*k, 0 = -0*k + 2*k + c - 16. Suppose 0 = -3*p - 9, -2*p + k*p + 191 = 4*u. List the prime factors of u.
2, 11
Suppose -10 - 1 = -f. Suppose -z - f = -4. Let t(l) = l + 15. List the prime factors of t(z).
2
Suppose -2*h = 3*h - 30. Suppose h*u = u. Suppose -2*m - 2*m + 36 = u. List the prime factors of m.
3
Let r(n) be the third derivative of -n**6/120 - n**5/6 - n**4/24 - 5*n**3/6 + 3*n**2. List the prime factors of r(-10).
5
Suppose 12 = y - 4*s, 5*s = 5*y - 0*y - 15. Suppose 4*a - 28 + 0 = y. List the prime factors of a.
7
Let k(b) = -b**3 + b**2 + 35. List the prime factors of k(0).
5, 7
Let w(p) = p**2 - 5*p + 35. List the prime factors of w(6).
41
Let g(f) = -2*f**3 - f**2 - 2. Let o = 10 + 9. Suppose 4*w - 2*u + 5 = -3*u, -5*u + o = -2*w. List the prime factors of g(w).
2, 5
Let b = 2 + 27. Let q = -18 + b. What are the prime factors of q?
11
Let f = 139 - 77. Suppose 0*s + 2*s + 50 = 3*j, 2*s - f = -4*j. List the prime factors of j.
2
Let a be 4/14 + (-792)/(-21). Suppose -4*d + 3*d = -a. Let b = d - 27. List the prime factors of b.
11
Let d(c) = 7*c**2 - 1. Let o = 18 + -16. What are the prime factors of d(o)?
3
Suppose 0 = -4*i + 60 + 52. List the prime factors of i.
2, 7
Let t = 6 - 8. Let o be (-20)/t*6/15. Suppose -o*v = -5 - 19. What are the prime factors of v?
2, 3
Let i(x) = x**3 + 3*x**2 - x + 4. Let y be i(-3). Let f = y - 2. What are the prime factors of f?
5
Suppose 2*o = -5*a, -3*o = -o - 10. Let n(t) = -4*t**3 - 1. What are the prime factors of n(a)?
31
Let b(s) = -s + 10. Let v be b(7). Suppose 5*n - 5 = 4*w, -w - 14 + 0 = v*n. What are the prime factors of (w/(-4))/((-1)/(-4))?
5
Suppose -4*l = -2*l. Suppose -2*t - 3*j = -57 - 36, l = -4*j + 4. What are the prime factors of t/12*16/6?
2, 5
Suppose -7*q = -3*q - 340. List the prime factors of q.
5, 17
Let o be 33 - (3 - 4/2). Suppose o = 5*r - 23. Suppose -k = 2 - r. What are the prime factors of k?
3
Suppose 3*f - 17 = 31. Suppose -7*s = -3*s - f. Suppose 0 = -2*r - 0*r + s. List the prime factors of r.
2
Let q(c) = -c**2 + 7*c - 2. Let v be q(6). Suppose v*y + x = -x + 96, -x = y - 26. List the prime factors of y.
2, 11
Let x(m) = -3*m + 0*m**3 - 2*m**3 - 13 + 14 - m**2 + 6*m. Let w(q) = q**2 - 7*q - 2. Let c be w(7). List the prime factors of x(c).
7
Suppose -3*y = -0*x - 3*x + 36, 5*y + 48 = x. Let w = y - -1. List the prime factors of 1 - (w - (-1 + -1)).
7
Suppose 6*y = 4*y + 66. List the prime factors of y.
3, 11
Suppose -13 - 16 = -i. List the prime factors of i.
29
Let u = -77 - -110. List the prime factors of u.
3, 11
Let m = -4 + 4. Suppose m = -0*b - 5*b + 20. Suppose 9 = b*i + v - 24, -v = -4*i + 39. What are the prime factors of i?
3
Let u(o) = o. Let z(v) = 6*v + 3. Let p(g) = 5*u(g) - z(g). Let l be p(-7). Suppose -l*x = -5*d - 64, -2*x = -4*x - d + 18. List the prime factors of x.
11
Let c = -40 - -73. What are the prime factors of c?
3, 11
Suppose v + 10 = 5*i - 11, 0 = -i + 5*v + 9. Suppose -2*k = -i*k + m + 26, -2*k = -5*m - 18. List the prime factors of k.
2, 7
Let m = 136 - 55. List the prime factors of m.
3
Let o(h) = -h**2 + 3*h. Let q be o(6). Let i = q + 26. Suppose 0 = i*u - 4*u - 16. List the prime factors of u.
2
Suppose -3*w + 3*u + 345 = 0, -3*u - 238 = -2*w - 5*u. What are the prime factors of w?
3, 13
Suppose -r - 10 = -2*d - 2*r, -5*r = 4*d - 8. What are the prime factors of d?
7
Suppose r - 7 + 3 = 0. List the prime factors of r.
2
Suppose 0 = 5*c - 2*p - 33, -3*p + 13 = 4*c + c. Suppose 31 = -3*l - c*u + 103, 0 = -3*l - 3*u + 66. What are the prime factors of l?
19
Suppose n = -3*o + 22, 2*o + 100 = 3*n + 1. List the prime factors of n.
31
Let h(c) be the second derivative of c**5/20 + 5*c**4/12 - 4*c**3/3 - 7*c**2/2 + 3*c. List the prime factors of h(-6).
5
Suppose -p = 2*p - 405. Suppose -2*u + p - 47 = 0. What are the prime factors of u?
2, 11
Let j = 10 + -6. Let h(o) = o**2 - 5*o + 2. Let b be h(j). List the prime factors of (-4 + 0)*(b + 0).
2
Suppose -2*y + 2*w + 10 = 0, -5*y + 3*y + 13 = -3*w. Suppose -2*b = -5*m + 2*b + 74, -54 = -4*m - y*b. List the prime factors of m.
2, 7
Let m = 111 - 47. What are the prime factors of m?
2
Suppose 3 = -3*p, -4*t - 3*p + 37 = -4*p. What are the prime factors of t?
3
Let w(m) = -m**3 + 4*m**2 + 6*m - 12. Let h be w(5). Let a(x) = -x**3 - 6*x**2 + 4*x + 7. List the prime factors of a(h).
2, 7
Suppose t - 10 = 3*t. Let o(j) = -j**3 - 6*j**2 - 6*j - 2. What are the prime factors of o(t)?
3
Let h be -80*(0 + 1/1). List the prime factors of (h/25)/((-2)/10).
2
Let l = -16 - -31. Let v = 24 + l. Suppose -6*n + v = -3*n. What are the prime factors of n?
13
Suppose -3*u = -5*u + 14. Suppose 0*m = m - u. List the prime factors of m.
7
Suppose -p + 60 + 14 = 0. What are the prime factors of p?
2, 37
Let s(u) = 4*u**2 + u - 1. Let p be s(1). Suppose 0 = -0*h - 2*h + p. What are the prime factors of h?
2
Suppose -3*y = 2*y + 4*t - 46, 3*y = -5*t + 25. What are the prime factors of y?
2, 5
Suppose -157 - 73 = 5*l. Let g = l + 64. What are the prime factors of g?
2, 3
Suppose d = 3 + 1. Suppose -5*a = -0*c - 3*c - 26, -2*a + 4 = 2*c. Let r = d - c. List the prime factors of r.
2, 3
Let c(p) = 17*p. Let z be c(1). Suppose d - z - 11 = 0. List the prime factors of d.
2, 7
Suppose -4*h - 16 = -0*h. Let c = 6 + h. Suppose 3*w + y - 19 = 0, 3 = -c*w - 2*y + 9. What are the prime factors of w?
2
Let a be (4 - 5) + 1*5. Suppose -a*d - 6*i + 4*i = -24, -9 = -d - 2*i. List the prime factors of d.
5
Let t = -2 + 7. What are the prime factors of t?
5
Let n = 6 - 2. Let s = 8 - n. Suppose -s*x - x + 54 = -2*v, -4*v + 36 = 2*x. What are the prime factors of x?
2, 3
Let m(k) = -k**3 - 4*k**2 + 3*k + 3. Let p be m(-4). Let l be (10/(-6) + 1)*p. Let b = -2 + l. What are the prime factors of b?
2
Let n = 10 + 22. What are the prime factors of n?
2
Suppose -13 = 5*l - 43. What are the prime factors of 1*(-3 + l/1)?
3
Suppose -1 = -4*p - 4*j + 15, p - j = 0. Let y = -1 + p. List the prime factors of -5*y/2*-2.
5
Let c = -25 + 41. List the prime factors of c.
2
Let b be 0*((-1)/(-2))/(-1). Suppose b = -2*q + 5*p - 14, 3*q - 6 = -2*p + 11. Suppose -n = -u - 11, q = -4*u - 1. What are the prime factors of n?
2, 5
Suppose -7*g = -2*g. Suppose -t - 8 = -3*z, -z - t - 4*t - 8 = g. Suppose 2*a - 2*c - 26 = z*c, -27 = -2*a + 5*c. What are the prime factors of a?
11
Suppose 43*d = 46*d - 312. What are the prime factors of d?
2, 13
Let b(a) = 4*a - 6. Let z be b(3). Suppose 0 = 5*p + t - z, 0 = 4*p + p + 5*t + 10. What are the prime factors of p?
2
Supp